 -5*q - 3*a - 5, -3*q + 5*a + 15 = -8*q. Calculate l(q).
-9
Let v be ((-52)/(-16) + -4)*-4. Let m(c) be the third derivative of 0 - c**v + 0*c - 2*c**2 - 1/24*c**4. What is m(-5)?
-1
Let y(h) be the first derivative of -h**2 - 8*h + 4. Determine y(-6).
4
Let y(z) = z + 8. Let v be y(-11). Let t = v + 1. Let h(l) = 2*l. Determine h(t).
-4
Let g(h) = -h**3 - 7*h**2 - 3*h + 2. Let o be (-76)/20 + -2 + (-2)/10. What is g(o)?
-16
Let j(f) be the second derivative of -1/2*f**2 - 6*f + 1/12*f**4 + 0 + 1/6*f**3. What is j(-2)?
1
Let p(c) = c**2 - 2*c + 1. Let a(w) = w**2 - w - 9. Let d be a(4). Calculate p(d).
4
Let y be ((-4)/(-10))/(2/10). Suppose 6 = 2*x + 4*n, 2 - 6 = -2*x - y*n. Let w(c) = -8*c**2 + 2*c - 1 + 0*c + 8*c**2 - 9*c**3. Determine w(x).
-8
Let k(j) = -7*j**2. Let s be -4 - (-3 + 0 + -2). Calculate k(s).
-7
Let y(b) = -20*b + 6. Let o(g) = 10*g - 3. Let z(s) = -13*o(s) - 6*y(s). Give z(2).
-17
Let y(a) be the first derivative of 1/3*a**3 + 1/120*a**5 + 0*a + 0*a**4 - 1 + 1/360*a**6 + 0*a**2. Let l(w) be the third derivative of y(w). Calculate l(0).
0
Let z(s) be the third derivative of s**6/120 - 2*s**5/15 + 5*s**4/24 + 7*s**3/6 + 49*s**2. Give z(7).
-7
Let q be 10/(-25) - (-44)/10. Let s(y) = q*y - 3*y - 2 - 10 - 2*y. What is s(-5)?
-7
Let m(v) be the first derivative of 4 - 9*v - 1/2*v**2. What is m(-5)?
-4
Let v(g) = -20*g**3 - g**2 - g - 1. Suppose -34*k = -30*k + 4. Determine v(k).
19
Let m(i) be the second derivative of i**5/60 + i**4/12 + i**3/6 + i**2/2 - i. Let j(f) be the first derivative of m(f). Determine j(-3).
4
Let t be 1/(((-14)/(-4))/7). Let a(q) = q**t + q - 4*q**3 + q**3 - 7 + 6. Determine a(1).
-2
Suppose -3*d + 0 + 6 = z, d = 4. Let a(q) = 3*q**3 - 32*q**2 + 5*q - 7. Let f(g) = g**3 - 11*g**2 + 2*g - 2. Let i(y) = z*a(y) + 17*f(y). Calculate i(6).
-4
Let c(j) = -j - 1. Let r = 131 - 124. What is c(r)?
-8
Let m(g) be the first derivative of g**2 - 2*g + 2. Let h = 7 + -1. Suppose -5*x = h*a - a + 10, -3*x - 2 = 2*a. What is m(x)?
2
Let t(k) be the first derivative of -6*k + 5/2*k**2 - 2 + 1/3*k**3. Suppose 2*z + 3*g = -19, 5*z + 3*g = g - 31. Give t(z).
-6
Let v(m) = m**3 - 2*m + 3. Suppose 0 = -4*g + 8, -2*g + 12 = -p + 5*p. Give v(p).
7
Let p(y) be the third derivative of -y**5/60 + y**3/2 + 2*y**2. Let r = -13 - -13. Determine p(r).
3
Let l(v) = -v + 5. Suppose -4*u - 3*n + 26 = 0, 4 = 4*u - 4*n - 8. Suppose -3*x + 2*x = -u. Let i be x/(-1)*(0 - 1). Give l(i).
0
Let j(s) be the second derivative of s**3/6 + 44*s. Let v(m) = -m**3 + 2*m. Let z be v(-2). Calculate j(z).
4
Suppose 0 = -2*l - 5*y + 2*y - 20, -2*y - 12 = l. Let u(v) = 3*v. What is u(l)?
-12
Let m(j) = -j**2 + 7*j + 2. Let r be -3 + 6 + 2 + -1. Suppose -r*x = 0, 2*z + 2*x - 16 = -3*x. Suppose w = -2*p + 15, -2*p + 18 = z. Determine m(w).
12
Let n(y) = 7*y**2 - 10*y + 5. Let j(u) = -11*u**2 + 15*u - 8. Let i(d) = 5*j(d) + 8*n(d). Give i(6).
6
Let w(y) = -y**2 + 2*y**2 - 3 + 0*y**2 - y**3. Let n(u) = u**3 - 2*u**2 - 2. Let a be n(2). Let s = -2 - a. Determine w(s).
-3
Let s(y) be the second derivative of -y**6/360 + y**5/60 - y**4/12 - y. Let h(u) be the third derivative of s(u). Suppose 7*m - 1 = 20. What is h(m)?
-4
Let p be 0 - 1/(-2)*10. Suppose p*c = 4*c - 2. Let b(r) = 2*r + 2. Determine b(c).
-2
Let v(w) be the second derivative of -1/12*w**4 + 3*w + 1/3*w**3 + 2*w**2 + 0. Determine v(3).
1
Let p(l) be the second derivative of l**3/6 - 2*l**2 - 4*l. Give p(7).
3
Let p(a) be the second derivative of -a**3/6 + 3*a**2/2 - 2*a + 1. Determine p(5).
-2
Let b = 18 - 23. Let x(s) be the first derivative of -s**4/4 - 2*s**3 - 7*s**2/2 - s - 2. Determine x(b).
9
Let n be (-4)/3*912/(-64). Let m(o) = -n*o + 1 - 14*o + 34*o. Let q = 1 - 1. What is m(q)?
1
Let y(l) = 3*l**3 + l**2 - 3*l - 2. Suppose 1 = f - j, 5*f + 3*j = -0*f - 19. Determine y(f).
-16
Let t(u) = u**3 + 9*u**2 + 2. Let j be t(-9). Let o(g) = 2 - 11*g - j. What is o(-1)?
11
Let w(v) = v**2 - 6*v + 5. Let y be w(3). Let p(n) = n - 1. What is p(y)?
-5
Let k(n) be the third derivative of -n**9/60480 + n**8/4032 - n**7/1008 - n**6/180 + n**5/20 + 3*n**2. Let v(c) be the third derivative of k(c). Give v(4).
-8
Let g(q) be the second derivative of -q**3 - 2*q. Let k be g(-1). Suppose 0 = 4*d - 18 - k. Let w(i) = i**2 - 7*i + 1. Calculate w(d).
-5
Suppose 13*p = 8*p + 35. Let y(i) = -2*i + 1. Determine y(p).
-13
Let j = 6 + -4. Let n(r) = r - 1. Let z(q) = -2*q + 2 - 2 + 3*q. Let h(f) = j*z(f) - n(f). Determine h(0).
1
Let q(m) = -6*m**2 - 2*m - 1. Let k be q(-1). Let g(s) = -5 - 3*s - 3*s + s**3 + s + 4*s**2. Give g(k).
-5
Let z(a) = -3 + 1 - 3*a**2 + 0*a + a**3 - 2*a. Let w = -6 - -9. Give z(w).
-8
Let h(n) = -n - 2. Let g be h(5). Let l(j) be the second derivative of j**3/6 + 6*j**2 + 4*j + 4. Give l(g).
5
Suppose -4*n + 14 = -2. Let k(a) = a**3 - 18*a - 1 + 19*a + 5 + n. Determine k(0).
8
Let o(h) = -h**2 - h + 3. Let g be 0*1/(-2)*(-36 + 37). Determine o(g).
3
Let c = 4 + 1. Let u(w) = -w + 12 - 7 + c. Give u(5).
5
Let o(s) = -3*s**3 + s**2 + s - 3. Let n(d) = -7*d**3 + 2*d**2 + 3*d - 7. Let i(r) = 2*n(r) - 5*o(r). Calculate i(0).
1
Suppose -6 = -3*f + 3*y, 2*y - 5 - 5 = -5*f. Let x(a) = 3*a + f - 4*a + 2. What is x(3)?
1
Let n = -6 + 4. Let r be (0 + -2)/(n/(-5)). Let j(s) be the second derivative of -s**3/6 + s**2/2 - 2*s. Give j(r).
6
Let n(o) = -o**3 - 4*o**2 - 2*o. Suppose d - 8 = m, -12 = m - 2*m - 4*d. Let q = m + 0. Give n(q).
8
Let i(v) = v**3 + 4. Let w(j) = -j**3 + j - 1. Let o(b) = i(b) + 2*w(b). Suppose 5*u - 5 = 4*u. Let c(x) = x**2 - 4*x - 7. Let m be c(u). Determine o(m).
6
Suppose -5*h - 8 = 12. Let s(k) be the second derivative of k**6/720 + k**5/40 - k**4/6 - 2*k. Let r(d) be the third derivative of s(d). Determine r(h).
-1
Let j(o) = o**2 + 7*o + 7. Suppose 0 = 11*x + 33 + 33. Determine j(x).
1
Let a(n) = 6 - 2*n - 2*n + 2*n + 3*n. Give a(-5).
1
Let p(w) = w**2 - w - 4. Let v = -8 + 3. Let f = v + 9. Suppose 2*z + 0*z - 2 = -5*t, -5*t + 4*z = f. Determine p(t).
-4
Suppose h + 10 = -h. Let i(j) = -j**3 - 5*j**2. Determine i(h).
0
Let l(z) be the third derivative of -z**4/6 + z**3/2 - 20*z**2. Suppose -h + 3*h = -3*x + 9, -3*x = -4*h + 9. Give l(h).
-9
Let d(b) = -b - 4 - 2*b - 3*b**2 - b + 2*b**2. Determine d(-3).
-1
Let g(o) = 2106 - 8*o - 2106. Determine g(-1).
8
Suppose -3*y + 2*y - 2*v = -7, y - 2*v = -5. Let n(g) = -2*g - 1. Calculate n(y).
-3
Let c(w) = -4*w + w**2 + 5*w**2 + w - w**3 - 7. Let n = 18 + -12. Suppose -9 = -3*l + n. Give c(l).
3
Suppose 4*z - d - 25 = 0, 0*d + 4*d = -5*z + 26. Let v(y) = y**2 - 7*y + 3. Give v(z).
-3
Let t(r) be the first derivative of 3*r**3/2 + 2*r - 3. Let v(l) be the first derivative of t(l). Determine v(-1).
-9
Let c(t) be the third derivative of -1/3*t**3 + 0*t - 1/180*t**6 + 0 + 1/12*t**4 - t**2 - 1/120*t**5. Let r(x) be the first derivative of c(x). Determine r(2).
-8
Let w(s) = 9 + 3*s**2 + s - 2*s**2 - 2. Suppose -4*f = -4*d - 0*d, 3*d = -2*f. Determine w(f).
7
Suppose 0 = 3*v - 4*x - x + 12, 0 = -2*x + 6. Let m = 1 - v. Suppose 5*q = -m*q - 20. Let i(f) = -3*f - 4. Determine i(q).
8
Let r(k) = -k**2 + 6*k + 1. Suppose -v + 34 = 28. Give r(v).
1
Let f(w) = -w**2 - 6*w - 4. Let j = -32 + 27. What is f(j)?
1
Let d(s) = s**3 + 6*s**2 + 5*s + 1. Let z(j) = 2*j + 4. Let a be z(-3). Let v be (4 + -3)*10/a. Calculate d(v).
1
Let d(j) = j**3 - 4*j**2 - 6*j + 3. Let a(q) = q. Let r be a(-1). Let f = 4 + r. Let p be 14/f - (-10)/30. Determine d(p).
-2
Suppose 3*f - 40 = 8*f + 5*b, 3*b = -4*f - 30. Let g(r) = 2*r + 7. Give g(f).
-5
Let y be -19*-2*4/8. Let z(q) = q**2 - 18*q - y*q + 1 + 37*q. Calculate z(-1).
2
Suppose 20 = -2*u - 4*y, -5*u - 7 - 3 = 2*y. Let r(o) = o + u*o + o + 2. Let d(m) = -m - 1. Let l(i) = -3*d(i) - r(i). Give l(3).
4
Let v(i) = 4 + 9*i - 12*i + 2*i - 3. What is v(4)?
-3
Let k(u) = 1. Let p(n) = 2*n + 12. Let l(j) = 10*k(j) - p(j). Let t be (4 - 2)/((-1)/2). Calculate l(t).
6
Let l(k) = -k**3 + k**2 - k - 2. Suppose 31 = -j + 33. Give l(j).
-8
Let g(h) be the first derivative of h**3/3 + h**2 - 3*h - 1. Suppose -4*u + d = 84 - 74, -4*u + 5*d = 2. Give g(u).
0
Let t(f) = -f**3 - f**2 + f - 6. Let v be ((-32)/10)/(12/(-30)). Let g(x) = x - 8. Let d be g(v). What is t(d)?
-6
Let l(t) = -5*t + 2*t + 3 - t**2 - 2*t. Supp